et u be (-2 + (-20)/(-15))*21. Let f = u + 24. Calculate the greatest common factor of 90 and f.
10
Let s be (-3 + 6)/(1/10). Let c be (18/(-36))/((-1)/s). Let h = 181 + -106. What is the highest common divisor of c and h?
15
Suppose 18*q = 13*q + 450. What is the highest common factor of q and 40?
10
Let t = 255 + -110. Let v = t - 65. What is the highest common divisor of 32 and v?
16
Suppose -3*j - 44 = -h + 286, 2*j = 0. Let i be ((h/4)/(-5))/(7/(-98)). What is the highest common divisor of i and 21?
21
Let j be 6/(-4)*320/(-15) + -2. What is the highest common factor of j and 90?
30
Let y(z) = -11*z + 383. Let s be y(21). Calculate the highest common factor of s and 133.
19
Let x(n) = 6*n**3 + 3*n - 4. Let c be x(2). Let f be ((-27)/(-6) + -3)/(1/c). Calculate the greatest common divisor of f and 15.
15
Let r(f) = -7*f**2 + 2*f - 8. Let n be r(-5). Let d = -138 - n. Suppose 3*u + u = -2*t + 32, 4*t - u - d = 0. What is the greatest common factor of t and 98?
14
Let j(t) = -3*t**2 - 61*t - 4. Let h be j(-20). Calculate the greatest common divisor of 488 and h.
8
Let c be 5/240*8*16*54. Calculate the highest common divisor of 81 and c.
9
Let f(c) = 13*c - 11. Let g be f(-3). Let m = g - -100. Calculate the greatest common divisor of m and 10.
10
Suppose 75 = -252*o + 255*o. Calculate the highest common divisor of 225 and o.
25
Let n(t) = t**3 - 9*t**2 + 8*t - 5. Let q(a) = -a**3 + 8. Let d be q(0). Let f be n(d). Let c be 6/f*10/(-3). Calculate the greatest common factor of c and 12.
4
Let f(l) = l**3 - 3*l**2 + 2*l - 2. Let t be f(3). Let d = 19 - 19. Suppose t*h + 4*u = 20, -5*u = -d*u - 5. Calculate the greatest common divisor of h and 12.
4
Let v(a) = 8*a - 82. Let g be v(11). Suppose -5*b - r - 295 = 0, -b + 11 - 79 = 2*r. Let y be (-2)/3 - b/g. Calculate the greatest common factor of y and 9.
9
Let x(b) = -b**3 + b + 6. Let i be x(0). Let m be 427/2 - 6/4. Suppose -5*d + z + 211 = -0*d, -5*d + m = -2*z. Calculate the greatest common factor of d and i.
6
Suppose 2*g + 3 - 27 = 0. Suppose -220 + 2 = -2*n. Suppose 4*r - 275 - n = 0. Calculate the highest common factor of g and r.
12
Let s(l) = 2*l**2 + 13*l - 14. Let v be s(-11). Let y = -1 + v. Suppose -2*r = 24 - y. What is the highest common factor of 10 and r?
10
Suppose -4*h = -7 - 9. Suppose 9*l - 110 = h*l. What is the greatest common divisor of 55 and l?
11
Suppose -20 = -20*l + 15*l. Suppose 0 = l*d - 3*f - 15, -3*d + 4*f - 11 = -8*d. Calculate the greatest common divisor of d and 51.
3
Let b(y) = y**2 + 5*y - 1. Let z be b(-9). Suppose -2*c + 28 = 2*c. Calculate the greatest common divisor of z and c.
7
Let i(x) = -x**3 + 17*x**2 + 29*x + 87. Let r be i(15). Calculate the highest common factor of r and 36.
36
Let t(r) = r + 59. Let b be t(20). What is the greatest common factor of 79 and b?
79
Let l = 13 + -10. Suppose -5*u - 265 = -4*p + 508, -195 = -p + l*u. Suppose -h - h + p = 0. Calculate the highest common factor of 12 and h.
12
Let z be (-3)/(-18) - (-884)/24. Suppose l + 3*k = -l + 89, k = l - z. Calculate the highest common divisor of 16 and l.
8
Let l = 135 + -73. Suppose -5*b - 4*t = -l, -4*b = -5*t + 6 - 31. Calculate the greatest common factor of 10 and b.
10
Suppose b = 3 - 0. Suppose 40 = w + b*w. Let v(x) = -x**2 + 11*x + 22. Let z be v(12). Calculate the greatest common factor of z and w.
10
Suppose -2*u + 100 = -2*z, 5*u + 5*z - 4*z - 250 = 0. Calculate the highest common divisor of u and 30.
10
Let c be 50/(-175) + (-3471)/(-21). What is the greatest common divisor of c and 15?
15
Let x = 161 - 158. Suppose -16 = -2*a - 4*o, o - x = -5*a + 82. What is the greatest common factor of 234 and a?
18
Let u = 8 + -5. Suppose u*z + 3*n - 6*n = 6, -5*z = n - 16. Let l be 3/(-2) + 25/10. Calculate the highest common factor of l and z.
1
Suppose 0 = -2*y - 2, -839 = -5*x - 3*y + 58. Calculate the highest common factor of x and 10.
10
Let w = 465 - 266. Let l = 354 - w. What is the greatest common factor of 31 and l?
31
Suppose 2*r - t = 7*r - 30, -10 = 3*r - 5*t. Suppose 3*d + r = 137. What is the highest common divisor of 308 and d?
44
Let j = -25 - -35. Let z = 34 + -14. What is the greatest common factor of j and z?
10
Suppose 13*o = 16*o - 5*g - 4319, -3*o + 4339 = 5*g. What is the greatest common divisor of o and 78?
39
Let m = 933 + -912. Calculate the greatest common factor of 12 and m.
3
Suppose 3*n - j - 117 = 0, -40*j - 39 = -n - 36*j. What is the highest common factor of 1209 and n?
39
Let d(k) = 5 + k + 3*k + 6*k - 6*k. Let g = -2 + 4. Let w be d(g). What is the highest common divisor of 13 and w?
13
Let h be ((-6)/1)/(34/(-136)). Calculate the highest common divisor of 108 and h.
12
Let m be (-6)/45 + 7 + (-170)/(-150) + -7. Let l = -2 - -2. Suppose -b + l + 1 = 0. Calculate the greatest common factor of b and m.
1
Suppose -238 = -5*u + o, -u + 2*u + 2*o = 52. Suppose 13*f - 12*f - 2*m = 42, 132 = 3*f - 4*m. What is the greatest common factor of f and u?
48
Suppose -983 = 3*d - 2819. Suppose c = 2*h - 354, 5*h - d = -3*c + 251. Calculate the greatest common divisor of 25 and h.
25
Let b = 85 + 36. Suppose -s = 4*s - 10, 0 = -5*c + 3*s + 34. Suppose -6*u + c*u - 22 = 0. What is the highest common factor of u and b?
11
Suppose 78 = 3*g - i, 3*g + 19 = -5*i + 79. Calculate the greatest common factor of g and 4.
1
Suppose -5*g + 47 = 2*y, 0 = -3*g - 2*y + 3*y + 26. Suppose -78*z + 45 = -77*z. Calculate the greatest common factor of z and g.
9
Suppose -14*i + 16*i = 338. What is the greatest common divisor of 39 and i?
13
Let g be 1/(-8) + (-325)/(-40) + 5. What is the highest common factor of 169 and g?
13
Let s = 27 + -3. Let g(c) = -4*c**3 + 2*c**2 - 1. Let b be g(-1). Suppose b*h = -0 + 60. What is the greatest common divisor of h and s?
12
Let c be 1000/14 - (-3)/(-7). What is the greatest common factor of c and 568?
71
Let n(k) = 6*k**2 + 7*k - 4. Let g be n(-4). Let i be (-38)/(-6)*3*-1. Let x = i + g. What is the greatest common divisor of x and 18?
9
Let i = -19 + 42. Suppose 3*u - 14 = -1655. Let a = -340 - u. What is the highest common divisor of a and i?
23
Suppose 0 = x + 3, p = 4*x + 2 + 20. Let a(g) = -2*g + 10. Let j be a(-10). What is the greatest common divisor of j and p?
10
Suppose 59*c + 3656 = 166437. Calculate the highest common factor of c and 31.
31
Let y(d) = -d**3 + 14*d**2 + 15*d - 35. Let b be y(7). What is the greatest common factor of b and 118?
59
Let m be -1 + -3 - 352/(-4). What is the greatest common divisor of 36 and m?
12
Let h be (-58)/(-18) + 22/(-99). Suppose -4*k = -2*o + o + 41, h*o - 3*k - 96 = 0. What is the greatest common factor of 116 and o?
29
Suppose 2*i - 40 = 2*c, 6*i - 4*c = 3*i + 65. Let h be (i/(-10))/((-9)/66). What is the highest common factor of 88 and h?
11
Let z be 2/((-8)/(-20) - (-69)/(-210)). What is the greatest common factor of 21 and z?
7
Suppose 44 = -0*b + 4*b. Let n = b - 5. Let u(a) = a**2 - 3*a + 2. Let m be u(n). Calculate the highest common factor of 4 and m.
4
Suppose 3*b = 2*i - 110, 0 = -3*i - 8*b + 7*b + 165. Let r = 13 - 8. What is the greatest common divisor of i and r?
5
Suppose 0 = 5*v - 5 - 250. Suppose -4*w = w - x - 93, -2*w = -5*x - v. Suppose 3 + w = 3*p. What is the greatest common factor of p and 7?
7
Let n = -455 + 685. Calculate the highest common divisor of n and 92.
46
Let a(r) = -211*r + 9. Let u be a(-1). What is the greatest common factor of 242 and u?
22
Let z(f) = f**3 + 2*f**2 + 9. Let l be z(0). Let v be 4 + -1 + (1 - 0). Suppose 2 = -o + 1, -5*w + l = -v*o. What is the highest common divisor of 7 and w?
1
Let s be (-6)/(-27) + (-20447)/(-207). What is the highest common factor of s and 11?
11
Suppose 0 = -a + 8 + 4. Let w be (2 - 7)*30*-1. Let u be (-90)/25*w/(-9). Calculate the greatest common divisor of a and u.
12
Suppose -5*d - 2 = -22. Let n(s) be the second derivative of -s**5/20 + s**4/3 + s**3/3 - 2*s. Let q be n(d). What is the highest common divisor of q and 56?
8
Suppose 5*g = -4 - 1. Let s be -1 - (4 + g + -3). Let n = 23 + s. What is the highest common divisor of 110 and n?
22
Let f = 144 - 107. What is the greatest common factor of f and 333?
37
Let z be (-3)/(-24) + 7029/88. Let r(l) = 2*l. Let f be r(5). Calculate the highest common divisor of 